 Let l be s(0). Let y = 0 - 7. Let j(d) = d**2 + 6*d + 7. Let v be j(y). What is the greatest common divisor of l and v?
7
Let a(g) = g - 3. Let h be a(5). Suppose -12 = -2*n - h*n. Let r = -320 - -347. What is the highest common divisor of r and n?
3
Suppose 4*y - 1 = -3*a, -5*a + 3*y + 25 = -2*y. Suppose -a*w = -6, w - 29 = 4*k - 3. Let d = 5 - k. What is the greatest common divisor of 77 and d?
11
Let g(b) = 5*b**2 - 44*b + 20. Let h(r) = 2*r**2 - 15*r + 7. Let s(p) = 4*g(p) - 11*h(p). Let i be s(-5). Calculate the highest common divisor of 2 and i.
2
Suppose 0 = 2*m - 5*o + 15, m - 4*o = -o - 8. Let g = -16 + m. Let s be -39*(g/9 + 1). What is the highest common divisor of s and 130?
26
Let b be 30 + 1 + 2 - 1. Suppose 3*q = 5*g + 8*q, -b = 3*g - 5*q. Let v be 57/4 - (-1)/g. Calculate the highest common factor of 126 and v.
14
Let k = 13 - 17. Let i be 23 + -2*2/k. Calculate the greatest common factor of 8 and i.
8
Suppose 0 = -348*i + 351*i - 3. What is the greatest common factor of i and 27?
1
Let t be 4/(-6) - 11/(-3). Let a be 1/(2/(-15))*(-4)/10. Suppose 4*r + 47 = 3*x, x - a*r - 51 = -t*x. What is the greatest common factor of x and 9?
9
Let q(s) = -7*s**2 - 2*s + 2. Let f be q(2). Let o = f - 4. Let t be o/(-12) - (-6)/36. What is the greatest common divisor of t and 15?
3
Let v be (-12)/(-18) + (-4)/6. Suppose v = 3*n + 2*k - 7 - 6, -5*n + 7 = -4*k. Let o be (-4*1 - -2)*33/(-11). What is the highest common divisor of n and o?
3
Let d(n) = -9*n + 42. Let z be d(5). Let x(v) = -2*v**3 - 5*v**2 - 4*v - 9. Let a be x(z). What is the greatest common factor of 12 and a?
12
Suppose 762 = 5*m + 207. Suppose -4*a + m = 27. Let g be 9/(-2)*(-14)/1. What is the highest common divisor of g and a?
21
Suppose 775 - 5 = 14*p. Calculate the highest common divisor of p and 935.
55
Let h be -1 - ((-425 - 0)/5)/1. What is the highest common factor of 28 and h?
28
Let n(o) = 3*o**2 - 1. Let y be n(-1). Suppose -4*q - 3*t = -7*t - 132, -3*q - y*t + 94 = 0. What is the highest common divisor of 4 and q?
4
Suppose 6*v + 170 = 1430. What is the highest common divisor of v and 15?
15
Suppose 8*c - 5*c = 48. Suppose -6*z + c = -56. Let b = -7 - -25. Calculate the greatest common factor of b and z.
6
Let y = 15 - -18. Let d be 2*(5/(-5) + 2). Suppose d*c - 33 = -c. What is the highest common divisor of y and c?
11
Suppose -29417 = -46*a + 29509. Calculate the highest common divisor of 21 and a.
21
Suppose 914 = 23*b - 926. Let g(u) = 2*u - 6. Let i be g(8). What is the greatest common factor of b and i?
10
Suppose 3 = 3*z - 3. Let l be (-42)/4*z + 2. Let y = -11 - l. What is the greatest common divisor of y and 8?
8
Suppose -14*k = -11*k + h - 707, 2*h + 1182 = 5*k. Calculate the greatest common divisor of 177 and k.
59
Suppose 2*i - 479 + 152 = -h, i = 4*h + 168. Calculate the greatest common factor of i and 41.
41
Suppose -5*b + 123 = 4*w - 2*b, -4*b = 4*w - 128. Let z = 6 + w. What is the highest common factor of 11 and z?
11
Let a = -303 + 471. Let n = 46 - 25. What is the greatest common divisor of a and n?
21
Let a(v) = v**3 - 7*v**2 + 12*v - 7. Let g be a(8). What is the highest common factor of g and 17?
17
Let d = 714 - 710. Calculate the greatest common divisor of d and 34.
2
Suppose -22*q = -7*q - 1470. Let c(b) = b**3 + 3*b**2 + 5*b + 2. Let j be c(-3). Let k be (-1 + j + 0)/(-1). Calculate the highest common divisor of q and k.
14
Let a = -31 - -90. Suppose 4*d = 4*f + 44, -3*d - f + a = 22. What is the greatest common factor of 30 and d?
6
Suppose -5*v = 3*h - 4, 2*h - 2*v - 5 = h. Suppose 12 = 2*z + r, -17 = -h*z + 4*r + 23. Calculate the highest common factor of z and 80.
8
Let r be (8/5)/(14/2625). What is the highest common factor of r and 90?
30
Suppose 11*i + 1 - 45 = 0. Suppose -2*t - i*j = -36, 0*t + 5*t = -5*j + 65. Calculate the highest common divisor of 4 and t.
4
Let f = -5 + 11. Let d(q) = q**2 - 3 + 1 + f*q + 0. Let y be d(-9). Calculate the greatest common divisor of y and 10.
5
Suppose -z + 24 - 9 = 0. Suppose -5*l + z + 50 = 0. Let f be 120/(-18)*(-78)/5. What is the greatest common factor of l and f?
13
Let n(w) = w**3 + 8*w**2 + 3. Let q be n(-6). Suppose -6*k + k = -q. Let g be (-2 - 3)/((-9)/189). Calculate the greatest common factor of k and g.
15
Let y(z) = z**2 - 4*z + 1. Let q be y(4). Let c be -2 + q - (-16 + -2). What is the highest common divisor of c and 17?
17
Let h(d) = -5*d - 1. Let z be h(-5). Let t = -5 - -11. Suppose t*s - 5*s = 60. What is the highest common divisor of s and z?
12
Suppose 6*i = i - 10. Let j(m) = -11*m - 20. Let y be j(-3). Let o = y - i. What is the highest common factor of o and 105?
15
Let a(f) = -f**3 + 10*f**2 + 10*f + 12. Let p be a(-3). What is the greatest common factor of 132 and p?
33
Let h(u) = -u**3 + 14*u**2 - 12*u - 7. Suppose 4*q + 2 = 4*d - 38, 3*d + 4*q - 51 = 0. Let l be h(d). Calculate the highest common factor of 18 and l.
6
Suppose -14*f + 17*f - 336 = 0. Let z be f/(-84) - (-52)/(-6)*-2. Calculate the highest common divisor of 16 and z.
16
Let k = -37 - -39. Suppose -k - 10 = -v. Calculate the greatest common divisor of v and 84.
12
Let f be -3 + 22/2 - 4. Suppose -3*m - 12 = -f*m. Calculate the greatest common divisor of m and 36.
12
Let d = -89 + 102. Let v = 62 - d. Calculate the greatest common divisor of 441 and v.
49
Let b be ((-4)/6)/(6/(-27)). Suppose -b*a + 9 = -0*a. Suppose -n = a*n - 196. What is the greatest common factor of 7 and n?
7
Let j = -50 + 52. Suppose -4*p + 64 = -2*q, -j*p - 5*q + q = -32. What is the greatest common factor of p and 40?
8
Suppose -f = 2*l - 94, -l = 3*l - 5*f - 174. Suppose -3*t = p - 8*t - 34, 0 = -3*p + t + l. Calculate the greatest common factor of p and 28.
14
Suppose 29 = -4*w + 37. Suppose -k = -1, -w*q + 36 = -2*k + 4*k. Calculate the greatest common divisor of 85 and q.
17
Let q = -460 + 490. Calculate the highest common factor of q and 80.
10
Let b be -6*(-1 + 4*3). Let i be (48/(-30))/(7/(-525)). Let o = b + i. Calculate the greatest common factor of 27 and o.
27
Suppose -3*t = -12 + 3. Suppose -t*v = -5*v + 20. Let l = -2763 - -2813. What is the greatest common factor of v and l?
10
Let m = 42 + -38. Let y = m + -3. Calculate the greatest common factor of y and 5.
1
Let n be 8 + 2/1 + -1. Let w be 21/n + (-4)/(-6). Suppose -5*k = -w*u - 83, 2*k + 4*u - 44 = -k. Calculate the greatest common factor of k and 80.
16
Let g = 106 - 29. Let f be 14/(-4)*(-9 + 7). What is the highest common divisor of f and g?
7
Suppose 2*v - 14 = 3*r, -4*r - 60 + 23 = v. Let y(s) = -4*s - 8. Let g be y(r). Suppose 0 + g = 4*x. Calculate the greatest common factor of x and 1.
1
Let f be (4 + -4 - -3) + -4 + -1. Let c(b) = 63*b**2 - 2*b - 6. Let d be c(f). What is the greatest common divisor of 25 and d?
25
Let p be (-4)/(12/(-513)) - (16 + -13). Let h = -140 + p. What is the greatest common factor of 84 and h?
28
Let v(d) = 3*d**2 + 2*d + 3. Let p be v(-2). Let m = p + -14. Let z be (m/6)/((-1)/24). Calculate the greatest common divisor of z and 96.
12
Suppose 2*x - 12 = -2*y, 3*y = 5*y + 5*x - 15. Suppose a + 2*j - 306 = -3*a, -5*a - y*j + 380 = 0. What is the greatest common factor of a and 7?
7
Suppose 478 = 5*i + 6*q - 3*q, -3*i + 284 = -q. Calculate the highest common factor of i and 5.
5
Let a be 2/(-10) + (-36)/(-5). Suppose 3*q + 3*r = 57, 4*q = a*r - 4*r + 97. Let s be (72/108)/((-3)/(594/(-4))). What is the greatest common factor of q and s?
11
Let y(f) = -7*f - 21. Let w be y(-5). Let i = -2 - -4. Suppose 0*d + 3*c = -i*d + 33, 2*c - w = -d. Calculate the highest common divisor of 16 and d.
8
Let r = 3209 - 3177. What is the greatest common divisor of r and 3232?
32
Let t = -72 - -31. Let b = t + 43. What is the greatest common factor of 14 and b?
2
Let f = -3 + 14. Suppose 2*h + f = 39. Let v = -2 + h. What is the highest common factor of 36 and v?
12
Let a(x) = 10*x - 23. Let d be a(3). Let c(v) = v**3 - 5*v**2 - 10*v + 8. Let q be c(d). What is the greatest common divisor of q and 4?
4
Let b be 1/(-3) + (-3376)/(-48). Suppose 0 = -0*a - 3*a. Let i = a - -14. Calculate the highest common factor of i and b.
14
Suppose 711*g - 3 = 710*g. What is the highest common divisor of g and 81?
3
Let u be (-1)/((3/9)/(-1)). Let b be u - (